{"id":464,"date":"2016-11-15T22:32:16","date_gmt":"2016-11-15T21:32:16","guid":{"rendered":"https:\/\/www.wirnsperger.org\/?page_id=464"},"modified":"2019-02-14T13:51:06","modified_gmt":"2019-02-14T12:51:06","slug":"erkrankungen-operationen-medikamente","status":"publish","type":"page","link":"https:\/\/www.wirnsperger.org\/?page_id=464","title":{"rendered":"Erkrankungen, Operationen, Medikamente, Zweifel"},"content":{"rendered":"<h4><\/h4>\n<p>Wenn Sie als Inhaber eines g\u00fcltigen Medicals selbst Zweifel haben ausreichend fit zu sein, Ihrer Aufgabe als Flugpersonal nachzukommen*, sollten Sie den Rat eines Fliegerarztes einholen.<\/p>\n<p><strong>Ihren Fliegerarzt informieren m\u00fcssen Sie &#8230;<\/strong><\/p>\n<ul>\n<li>bei einem Krankenhausaufenthalt von mehr als 12 Stunden<\/li>\n<li>im Falle eines chirurgischen Eingriffes,<\/li>\n<li>vor Beginn regelm\u00e4\u00dfiger Medikamenteneinnahme, die anl\u00e4sslich der letzten Untersuchung noch nicht notwendig war<\/li>\n<li>wenn Sie auch nur vor\u00fcbergehend oder fallweise Medikamente einnehmen m\u00fcssen und Zweifel bestehen, ob diese mit Ihrer T\u00e4tigkeit als Flugbesatzungsmitglied vereinbar sind (zB &#8222;Heuschnupfenmittel&#8220;)<\/li>\n<li>wenn neuerdings Brille oder Kontaktlinse (&#8222;korrigierende Sehhilfe&#8220;) notwendig wird**<\/li>\n<li>nach einem erheblichen Unfall bzw. einer Verletzung, so bald wie m\u00f6glich<\/li>\n<li>Erkrankung l\u00e4nger als 21 Tage<\/li>\n<li>Schwangerschaft<\/li>\n<\/ul>\n<p>* also als Pilot zu fliegen, auch als Privatpilot, FlugbegleiterIn, usw.;<br \/>\ngilt f\u00fcr jede Art der T\u00e4tigkeit, wof\u00fcr Sie ein Medical besitzen<\/p>\n<p>**\u00a0<a href=\"https:\/\/www.wirnsperger.org\/?page_id=806\">Augenlasern<\/a> macht vor\u00fcbergehend untauglich, Sie m\u00fcssen diesen Eingriff Ihrem AME melden<\/p>\n<p><a href=\"https:\/\/www.wirnsperger.org\/wp-content\/uploads\/2017\/08\/Flugmed-Info-f\u00fcr-Luftfhartpersonal.pdf\" target=\"_blank\" rel=\"noopener\">Meldepflicht f\u00fcr Luftfahrtpersonal<\/a><\/p>\n<p><a href=\"https:\/\/www.wirnsperger.org\/?page_id=11\">zur\u00fcck zur Seite &#8222;Fliegerarzt&#8220;<\/a><\/p>\n","protected":false},"excerpt":{"rendered":"<p>Wenn Sie als Inhaber eines g\u00fcltigen Medicals selbst Zweifel haben ausreichend fit zu sein, Ihrer Aufgabe als Flugpersonal nachzukommen*, sollten Sie den [&hellip;]<\/p>\n","protected":false},"author":7,"featured_media":0,"parent":0,"menu_order":0,"comment_status":"closed","ping_status":"closed","template":"","meta":{"footnotes":""},"class_list":["post-464","page","type-page","status-publish","hentry"],"yoast_head":"<!-- This site is optimized with the Yoast SEO plugin v27.5 - https:\/\/yoast.com\/product\/yoast-seo-wordpress\/ -->\n<title>Erkrankungen, Operationen, Medikamente, Zweifel - Gesundheitspraxis<\/title>\n<meta name=\"robots\" content=\"index, follow, max-snippet:-1, max-image-preview:large, max-video-preview:-1\" \/>\n<link rel=\"canonical\" href=\"https:\/\/www.wirnsperger.org\/?page_id=464\" \/>\n<meta property=\"og:locale\" content=\"de_DE\" \/>\n<meta property=\"og:type\" content=\"article\" \/>\n<meta property=\"og:title\" content=\"Erkrankungen, Operationen, Medikamente, Zweifel - Gesundheitspraxis\" \/>\n<meta property=\"og:description\" content=\"Wenn Sie als Inhaber eines g\u00fcltigen Medicals selbst Zweifel haben ausreichend fit zu sein, Ihrer Aufgabe als Flugpersonal nachzukommen*, sollten Sie den [&hellip;]\" \/>\n<meta property=\"og:url\" content=\"https:\/\/www.wirnsperger.org\/?page_id=464\" \/>\n<meta property=\"og:site_name\" content=\"Gesundheitspraxis\" \/>\n<meta property=\"article:modified_time\" content=\"2019-02-14T12:51:06+00:00\" \/>\n<meta name=\"twitter:card\" content=\"summary_large_image\" \/>\n<meta name=\"twitter:label1\" content=\"Gesch\u00e4tzte Lesezeit\" \/>\n\t<meta name=\"twitter:data1\" content=\"1\u00a0Minute\" \/>\n<script type=\"application\/ld+json\" class=\"yoast-schema-graph\">{\"@context\":\"https:\\\/\\\/schema.org\",\"@graph\":[{\"@type\":\"WebPage\",\"@id\":\"https:\\\/\\\/www.wirnsperger.org\\\/?page_id=464\",\"url\":\"https:\\\/\\\/www.wirnsperger.org\\\/?page_id=464\",\"name\":\"Erkrankungen, Operationen, Medikamente, Zweifel - Gesundheitspraxis\",\"isPartOf\":{\"@id\":\"https:\\\/\\\/www.wirnsperger.org\\\/#website\"},\"datePublished\":\"2016-11-15T21:32:16+00:00\",\"dateModified\":\"2019-02-14T12:51:06+00:00\",\"breadcrumb\":{\"@id\":\"https:\\\/\\\/www.wirnsperger.org\\\/?page_id=464#breadcrumb\"},\"inLanguage\":\"de\",\"potentialAction\":[{\"@type\":\"ReadAction\",\"target\":[\"https:\\\/\\\/www.wirnsperger.org\\\/?page_id=464\"]}]},{\"@type\":\"BreadcrumbList\",\"@id\":\"https:\\\/\\\/www.wirnsperger.org\\\/?page_id=464#breadcrumb\",\"itemListElement\":[{\"@type\":\"ListItem\",\"position\":1,\"name\":\"Startseite\",\"item\":\"https:\\\/\\\/www.wirnsperger.org\\\/\"},{\"@type\":\"ListItem\",\"position\":2,\"name\":\"Erkrankungen, Operationen, Medikamente, Zweifel\"}]},{\"@type\":\"WebSite\",\"@id\":\"https:\\\/\\\/www.wirnsperger.org\\\/#website\",\"url\":\"https:\\\/\\\/www.wirnsperger.org\\\/\",\"name\":\"Gesundheitspraxis\",\"description\":\"Dr. Michael Wirnsperger\",\"potentialAction\":[{\"@type\":\"SearchAction\",\"target\":{\"@type\":\"EntryPoint\",\"urlTemplate\":\"https:\\\/\\\/www.wirnsperger.org\\\/?s={search_term_string}\"},\"query-input\":{\"@type\":\"PropertyValueSpecification\",\"valueRequired\":true,\"valueName\":\"search_term_string\"}}],\"inLanguage\":\"de\"}]}<\/script>\n<!-- \/ Yoast SEO plugin. -->","yoast_head_json":{"title":"Erkrankungen, Operationen, Medikamente, Zweifel - Gesundheitspraxis","robots":{"index":"index","follow":"follow","max-snippet":"max-snippet:-1","max-image-preview":"max-image-preview:large","max-video-preview":"max-video-preview:-1"},"canonical":"https:\/\/www.wirnsperger.org\/?page_id=464","og_locale":"de_DE","og_type":"article","og_title":"Erkrankungen, Operationen, Medikamente, Zweifel - Gesundheitspraxis","og_description":"Wenn Sie als Inhaber eines g\u00fcltigen Medicals selbst Zweifel haben ausreichend fit zu sein, Ihrer Aufgabe als Flugpersonal nachzukommen*, sollten Sie den [&hellip;]","og_url":"https:\/\/www.wirnsperger.org\/?page_id=464","og_site_name":"Gesundheitspraxis","article_modified_time":"2019-02-14T12:51:06+00:00","twitter_card":"summary_large_image","twitter_misc":{"Gesch\u00e4tzte Lesezeit":"1\u00a0Minute"},"schema":{"@context":"https:\/\/schema.org","@graph":[{"@type":"WebPage","@id":"https:\/\/www.wirnsperger.org\/?page_id=464","url":"https:\/\/www.wirnsperger.org\/?page_id=464","name":"Erkrankungen, Operationen, Medikamente, Zweifel - Gesundheitspraxis","isPartOf":{"@id":"https:\/\/www.wirnsperger.org\/#website"},"datePublished":"2016-11-15T21:32:16+00:00","dateModified":"2019-02-14T12:51:06+00:00","breadcrumb":{"@id":"https:\/\/www.wirnsperger.org\/?page_id=464#breadcrumb"},"inLanguage":"de","potentialAction":[{"@type":"ReadAction","target":["https:\/\/www.wirnsperger.org\/?page_id=464"]}]},{"@type":"BreadcrumbList","@id":"https:\/\/www.wirnsperger.org\/?page_id=464#breadcrumb","itemListElement":[{"@type":"ListItem","position":1,"name":"Startseite","item":"https:\/\/www.wirnsperger.org\/"},{"@type":"ListItem","position":2,"name":"Erkrankungen, Operationen, Medikamente, Zweifel"}]},{"@type":"WebSite","@id":"https:\/\/www.wirnsperger.org\/#website","url":"https:\/\/www.wirnsperger.org\/","name":"Gesundheitspraxis","description":"Dr. Michael Wirnsperger","potentialAction":[{"@type":"SearchAction","target":{"@type":"EntryPoint","urlTemplate":"https:\/\/www.wirnsperger.org\/?s={search_term_string}"},"query-input":{"@type":"PropertyValueSpecification","valueRequired":true,"valueName":"search_term_string"}}],"inLanguage":"de"}]}},"_links":{"self":[{"href":"https:\/\/www.wirnsperger.org\/index.php?rest_route=\/wp\/v2\/pages\/464","targetHints":{"allow":["GET"]}}],"collection":[{"href":"https:\/\/www.wirnsperger.org\/index.php?rest_route=\/wp\/v2\/pages"}],"about":[{"href":"https:\/\/www.wirnsperger.org\/index.php?rest_route=\/wp\/v2\/types\/page"}],"author":[{"embeddable":true,"href":"https:\/\/www.wirnsperger.org\/index.php?rest_route=\/wp\/v2\/users\/7"}],"replies":[{"embeddable":true,"href":"https:\/\/www.wirnsperger.org\/index.php?rest_route=%2Fwp%2Fv2%2Fcomments&post=464"}],"version-history":[{"count":8,"href":"https:\/\/www.wirnsperger.org\/index.php?rest_route=\/wp\/v2\/pages\/464\/revisions"}],"predecessor-version":[{"id":820,"href":"https:\/\/www.wirnsperger.org\/index.php?rest_route=\/wp\/v2\/pages\/464\/revisions\/820"}],"wp:attachment":[{"href":"https:\/\/www.wirnsperger.org\/index.php?rest_route=%2Fwp%2Fv2%2Fmedia&parent=464"}],"curies":[{"name":"wp","href":"https:\/\/api.w.org\/{rel}","templated":true}]}}