{"id":457,"date":"2016-11-15T18:46:50","date_gmt":"2016-11-15T17:46:50","guid":{"rendered":"https:\/\/www.wirnsperger.org\/?page_id=457"},"modified":"2025-09-13T16:31:58","modified_gmt":"2025-09-13T15:31:58","slug":"flugmedizinische-untersuchungen","status":"publish","type":"page","link":"https:\/\/www.wirnsperger.org\/?page_id=457","title":{"rendered":"Flugmedizinische Untersuchungen"},"content":{"rendered":"\t\t<div data-elementor-type=\"wp-page\" data-elementor-id=\"457\" class=\"elementor elementor-457\">\n\t\t\t\t<div class=\"elementor-element elementor-element-48f6995c e-flex e-con-boxed e-con e-parent\" data-id=\"48f6995c\" data-element_type=\"container\">\n\t\t\t\t\t<div class=\"e-con-inner\">\n\t\t\t\t<div class=\"elementor-element elementor-element-73d3e50d elementor-widget elementor-widget-text-editor\" data-id=\"73d3e50d\" data-element_type=\"widget\" data-widget_type=\"text-editor.default\">\n\t\t\t\t<div class=\"elementor-widget-container\">\n\t\t\t\t\t\t\t\t\t\n<p><strong>Flieger\u00e4rztliche Untersuchungen<\/strong>\u00a0<i>(AME I)<\/i>\u00a0f\u00fcr<br \/>Berufspiloten (ATPL, CPL, MPL)<br \/>Privatpiloten (PPL, SPL, BPL)<br \/>Paragleiter-Tandem, -Fallschirmspringer,<br \/>Freiballonfahrer (BPL)<br \/>Cabin Crew (CC)<br \/>LAPL<br \/>IFR<\/p>\n\n<p class=\"has-text-align-left\"><strong>Erst-, Verl\u00e4ngerungs- und Erneuerungsuntersuchungen<\/strong><br \/><strong>f\u00fcr alle Europ\u00e4ische Lizenzen<\/strong><br \/><em>(Erstuntersuchungen nicht f\u00fcr Class1\/3;<\/em><br \/><em> Erstuntersuchungen Class 1 m\u00fcssen\u00a0bei einem\u00a0Aeromedical Center (zB in Wien oder Salzburg) gemacht werden)<\/em><\/p>\n\n<p>A 6700 Bludenz, Obdorfweg 1<br \/>A 6020 Innsbruck, Mitterweg 16<\/p>\n\n<div class=\"wp-block-buttons is-layout-flex wp-block-buttons-is-layout-flex\">\n<div class=\"wp-block-button\"><a class=\"wp-block-button__link wp-element-button\" href=\"https:\/\/calendar.app.google\/JmxAUvwiBDVSpHMU9\" target=\"_blank\" rel=\"noreferrer noopener\">Online Terminbuchung Bludenz <\/a><\/div>\n<\/div>\n\n<div class=\"wp-block-buttons is-layout-flex wp-block-buttons-is-layout-flex\">\n<div class=\"wp-block-button\"><a class=\"wp-block-button__link wp-element-button\" href=\"https:\/\/calendar.app.google\/j1madATdcJXF67Li8\" target=\"_blank\" rel=\"noreferrer noopener\">Online Terminbuchung Innsbruck<\/a><\/div>\n<\/div>\n\n<p>oder:<br \/><a href=\"https:\/\/www.wirnsperger.org\/?page_id=110\" target=\"_blank\" rel=\"noopener\">Anfragen gern auch per Kontaktformular<\/a><\/p>\n\n<p>\u00a0<\/p>\n\n<p class=\"has-text-align-left\"><a href=\"https:\/\/www.wirnsperger.org\/?page_id=1209\" target=\"_blank\" rel=\"noreferrer noopener\">Kardiovaskul\u00e4re Risikoevaluierung<\/a><br \/><a href=\"https:\/\/www.wirnsperger.org\/?page_id=464\" target=\"_blank\" rel=\"noreferrer noopener\">Erkrankung, Operationen, Medikamente: was muss als Flugpersonal beachtet werden?<\/a><br \/><a href=\"https:\/\/www.wirnsperger.org\/?page_id=413\" target=\"_blank\" rel=\"noreferrer noopener\">Brillen, Kontaktlinsen: bitte f\u00fcr Untersuchung mitbringen<\/a><br \/><a href=\"https:\/\/www.wirnsperger.org\/?page_id=416\" target=\"_blank\" rel=\"noreferrer noopener\">Ab wann kann man das neue Medical beantragen? 45-Tage Regel<\/a><br \/><a href=\"https:\/\/www.wirnsperger.org\/?page_id=654\" target=\"_blank\" rel=\"noreferrer noopener\">IFR<\/a><br \/><a href=\"https:\/\/www.wirnsperger.org\/?page_id=696\" target=\"_blank\" rel=\"noreferrer noopener\">Sonnenbrillen, was ist f\u00fcr Piloten erlaubt?<br \/><\/a><\/p>\n\n<p>\u00a0<\/p>\n\t\t\t\t\t\t\t\t<\/div>\n\t\t\t\t<\/div>\n\t\t\t\t\t<\/div>\n\t\t\t\t<\/div>\n\t\t\t\t<\/div>\n\t\t","protected":false},"excerpt":{"rendered":"<p>Flieger\u00e4rztliche Untersuchungen\u00a0(AME I)\u00a0f\u00fcrBerufspiloten (ATPL, CPL, MPL)Privatpiloten (PPL, SPL, BPL)Paragleiter-Tandem, -Fallschirmspringer,Freiballonfahrer (BPL)Cabin Crew (CC)LAPLIFR Erst-, Verl\u00e4ngerungs- und Erneuerungsuntersuchungenf\u00fcr alle Europ\u00e4ische Lizenzen(Erstuntersuchungen nicht f\u00fcr [&hellip;]<\/p>\n","protected":false},"author":7,"featured_media":0,"parent":0,"menu_order":0,"comment_status":"closed","ping_status":"closed","template":"","meta":{"footnotes":""},"class_list":["post-457","page","type-page","status-publish","hentry"],"yoast_head":"<!-- This site is optimized with the Yoast SEO plugin v27.5 - https:\/\/yoast.com\/product\/yoast-seo-wordpress\/ -->\n<title>Flugmedizinische Untersuchungen - Gesundheitspraxis<\/title>\n<meta name=\"robots\" content=\"index, follow, max-snippet:-1, max-image-preview:large, max-video-preview:-1\" \/>\n<link rel=\"canonical\" href=\"https:\/\/www.wirnsperger.org\/?page_id=457\" \/>\n<meta property=\"og:locale\" content=\"de_DE\" \/>\n<meta property=\"og:type\" content=\"article\" \/>\n<meta property=\"og:title\" content=\"Flugmedizinische Untersuchungen - Gesundheitspraxis\" \/>\n<meta property=\"og:description\" content=\"Flieger\u00e4rztliche Untersuchungen\u00a0(AME I)\u00a0f\u00fcrBerufspiloten (ATPL, CPL, MPL)Privatpiloten (PPL, SPL, BPL)Paragleiter-Tandem, -Fallschirmspringer,Freiballonfahrer (BPL)Cabin Crew (CC)LAPLIFR Erst-, Verl\u00e4ngerungs- und Erneuerungsuntersuchungenf\u00fcr alle Europ\u00e4ische Lizenzen(Erstuntersuchungen nicht f\u00fcr [&hellip;]\" \/>\n<meta property=\"og:url\" content=\"https:\/\/www.wirnsperger.org\/?page_id=457\" \/>\n<meta property=\"og:site_name\" content=\"Gesundheitspraxis\" \/>\n<meta property=\"article:modified_time\" content=\"2025-09-13T15:31:58+00:00\" \/>\n<meta name=\"twitter:card\" content=\"summary_large_image\" \/>\n<meta name=\"twitter:label1\" content=\"Gesch\u00e4tzte Lesezeit\" \/>\n\t<meta name=\"twitter:data1\" content=\"1\u00a0Minute\" \/>\n<script type=\"application\/ld+json\" class=\"yoast-schema-graph\">{\"@context\":\"https:\\\/\\\/schema.org\",\"@graph\":[{\"@type\":\"WebPage\",\"@id\":\"https:\\\/\\\/www.wirnsperger.org\\\/?page_id=457\",\"url\":\"https:\\\/\\\/www.wirnsperger.org\\\/?page_id=457\",\"name\":\"Flugmedizinische Untersuchungen - Gesundheitspraxis\",\"isPartOf\":{\"@id\":\"https:\\\/\\\/www.wirnsperger.org\\\/#website\"},\"datePublished\":\"2016-11-15T17:46:50+00:00\",\"dateModified\":\"2025-09-13T15:31:58+00:00\",\"breadcrumb\":{\"@id\":\"https:\\\/\\\/www.wirnsperger.org\\\/?page_id=457#breadcrumb\"},\"inLanguage\":\"de\",\"potentialAction\":[{\"@type\":\"ReadAction\",\"target\":[\"https:\\\/\\\/www.wirnsperger.org\\\/?page_id=457\"]}]},{\"@type\":\"BreadcrumbList\",\"@id\":\"https:\\\/\\\/www.wirnsperger.org\\\/?page_id=457#breadcrumb\",\"itemListElement\":[{\"@type\":\"ListItem\",\"position\":1,\"name\":\"Startseite\",\"item\":\"https:\\\/\\\/www.wirnsperger.org\\\/\"},{\"@type\":\"ListItem\",\"position\":2,\"name\":\"Flugmedizinische Untersuchungen\"}]},{\"@type\":\"WebSite\",\"@id\":\"https:\\\/\\\/www.wirnsperger.org\\\/#website\",\"url\":\"https:\\\/\\\/www.wirnsperger.org\\\/\",\"name\":\"Gesundheitspraxis\",\"description\":\"Dr. Michael Wirnsperger\",\"potentialAction\":[{\"@type\":\"SearchAction\",\"target\":{\"@type\":\"EntryPoint\",\"urlTemplate\":\"https:\\\/\\\/www.wirnsperger.org\\\/?s={search_term_string}\"},\"query-input\":{\"@type\":\"PropertyValueSpecification\",\"valueRequired\":true,\"valueName\":\"search_term_string\"}}],\"inLanguage\":\"de\"}]}<\/script>\n<!-- \/ Yoast SEO plugin. -->","yoast_head_json":{"title":"Flugmedizinische Untersuchungen - Gesundheitspraxis","robots":{"index":"index","follow":"follow","max-snippet":"max-snippet:-1","max-image-preview":"max-image-preview:large","max-video-preview":"max-video-preview:-1"},"canonical":"https:\/\/www.wirnsperger.org\/?page_id=457","og_locale":"de_DE","og_type":"article","og_title":"Flugmedizinische Untersuchungen - Gesundheitspraxis","og_description":"Flieger\u00e4rztliche Untersuchungen\u00a0(AME I)\u00a0f\u00fcrBerufspiloten (ATPL, CPL, MPL)Privatpiloten (PPL, SPL, BPL)Paragleiter-Tandem, -Fallschirmspringer,Freiballonfahrer (BPL)Cabin Crew (CC)LAPLIFR Erst-, Verl\u00e4ngerungs- und Erneuerungsuntersuchungenf\u00fcr alle Europ\u00e4ische Lizenzen(Erstuntersuchungen nicht f\u00fcr [&hellip;]","og_url":"https:\/\/www.wirnsperger.org\/?page_id=457","og_site_name":"Gesundheitspraxis","article_modified_time":"2025-09-13T15:31:58+00:00","twitter_card":"summary_large_image","twitter_misc":{"Gesch\u00e4tzte Lesezeit":"1\u00a0Minute"},"schema":{"@context":"https:\/\/schema.org","@graph":[{"@type":"WebPage","@id":"https:\/\/www.wirnsperger.org\/?page_id=457","url":"https:\/\/www.wirnsperger.org\/?page_id=457","name":"Flugmedizinische Untersuchungen - Gesundheitspraxis","isPartOf":{"@id":"https:\/\/www.wirnsperger.org\/#website"},"datePublished":"2016-11-15T17:46:50+00:00","dateModified":"2025-09-13T15:31:58+00:00","breadcrumb":{"@id":"https:\/\/www.wirnsperger.org\/?page_id=457#breadcrumb"},"inLanguage":"de","potentialAction":[{"@type":"ReadAction","target":["https:\/\/www.wirnsperger.org\/?page_id=457"]}]},{"@type":"BreadcrumbList","@id":"https:\/\/www.wirnsperger.org\/?page_id=457#breadcrumb","itemListElement":[{"@type":"ListItem","position":1,"name":"Startseite","item":"https:\/\/www.wirnsperger.org\/"},{"@type":"ListItem","position":2,"name":"Flugmedizinische Untersuchungen"}]},{"@type":"WebSite","@id":"https:\/\/www.wirnsperger.org\/#website","url":"https:\/\/www.wirnsperger.org\/","name":"Gesundheitspraxis","description":"Dr. Michael Wirnsperger","potentialAction":[{"@type":"SearchAction","target":{"@type":"EntryPoint","urlTemplate":"https:\/\/www.wirnsperger.org\/?s={search_term_string}"},"query-input":{"@type":"PropertyValueSpecification","valueRequired":true,"valueName":"search_term_string"}}],"inLanguage":"de"}]}},"_links":{"self":[{"href":"https:\/\/www.wirnsperger.org\/index.php?rest_route=\/wp\/v2\/pages\/457","targetHints":{"allow":["GET"]}}],"collection":[{"href":"https:\/\/www.wirnsperger.org\/index.php?rest_route=\/wp\/v2\/pages"}],"about":[{"href":"https:\/\/www.wirnsperger.org\/index.php?rest_route=\/wp\/v2\/types\/page"}],"author":[{"embeddable":true,"href":"https:\/\/www.wirnsperger.org\/index.php?rest_route=\/wp\/v2\/users\/7"}],"replies":[{"embeddable":true,"href":"https:\/\/www.wirnsperger.org\/index.php?rest_route=%2Fwp%2Fv2%2Fcomments&post=457"}],"version-history":[{"count":22,"href":"https:\/\/www.wirnsperger.org\/index.php?rest_route=\/wp\/v2\/pages\/457\/revisions"}],"predecessor-version":[{"id":1289,"href":"https:\/\/www.wirnsperger.org\/index.php?rest_route=\/wp\/v2\/pages\/457\/revisions\/1289"}],"wp:attachment":[{"href":"https:\/\/www.wirnsperger.org\/index.php?rest_route=%2Fwp%2Fv2%2Fmedia&parent=457"}],"curies":[{"name":"wp","href":"https:\/\/api.w.org\/{rel}","templated":true}]}}