{"id":410,"date":"2016-10-11T10:20:24","date_gmt":"2016-10-11T09:20:24","guid":{"rendered":"https:\/\/www.wirnsperger.org\/?page_id=410"},"modified":"2021-06-29T11:50:46","modified_gmt":"2021-06-29T10:50:46","slug":"lapl","status":"publish","type":"page","link":"https:\/\/www.wirnsperger.org\/?page_id=410","title":{"rendered":"LAPL"},"content":{"rendered":"<p>Es gibt in \u00d6sterreich<br \/>\nLAPL (A) (Flugzeuge)<br \/>\nLAPL (H) (Hubschrauber)<br \/>\nLAPL (B) (Ballon)<br \/>\nLAPL (S) (Segelflieger)<\/p>\n<p>Nationale Scheine sind ausgelaufen und es muss eine neue Lizenz beantragt werden. (Fr\u00fcher gab es Nationale Medicals f\u00fcr Segeln, Freiballon, Fallschirmspringen-Tandem, Paragleiter-Tandem, Ultraleicht.) Sie k\u00f6nnen nun also zB eine PPL-Lizenz (also zB. PPL, SPL, usw.) oder eine LAPL-Lizenz (also zB LAPL(A), LAPL(S) usw.) anstreben. F\u00fcr PPL, SPL usw. ist ein Medical Class 2 erforderlich, f\u00fcr eine LAPL-Lizenz ein LAPL-Medical (nat\u00fcrlich w\u00fcrde auch ein Class2 oder 1 entsprechen).<br \/>\nAm besten Sie nehmen mit einer Flugschule oder einem Fluglehrer Kontakt auf.<\/p>\n<p>F\u00fcr Fallschirm- und Paragleiter-<strong>Tandem<\/strong> ist auch ein LAPL-Medical (und selbstverst\u00e4ndlich weiterhin alle h\u00f6heren Medicals) m\u00f6glich.<\/p>\n<p>Bei LAPL sind die medizinischen Erfordernisse niedriger, allerdings \u00fcbernimmt der Fliegerarzt um einiges mehr an Verantwortung und sollte idealerweise Einsicht in die gesamte medizinische Geschichte des Probanden haben.<\/p>\n<p>Wenn Sie ein LAPL Medical anstreben, m\u00fcssen sie auch eine LAPL-Fluglizenz haben, ausgenommen bei Durchf\u00fchrung von Fallschirmtandem- und Paragleiter-Tandem-Fl\u00fcgen.<\/p>\n<p><a href=\"https:\/\/www.wirnsperger.org\/?page_id=11\">zur\u00fcck zur Seite &#8222;Fliegerarzt&#8220;<\/a><\/p>\n","protected":false},"excerpt":{"rendered":"<p>Es gibt in \u00d6sterreich LAPL (A) (Flugzeuge) LAPL (H) (Hubschrauber) LAPL (B) (Ballon) LAPL (S) (Segelflieger) Nationale Scheine sind ausgelaufen und es [&hellip;]<\/p>\n","protected":false},"author":7,"featured_media":0,"parent":11,"menu_order":0,"comment_status":"closed","ping_status":"closed","template":"","meta":{"footnotes":""},"class_list":["post-410","page","type-page","status-publish","hentry"],"yoast_head":"<!-- This site is optimized with the Yoast SEO plugin v27.5 - https:\/\/yoast.com\/product\/yoast-seo-wordpress\/ -->\n<title>LAPL - Gesundheitspraxis<\/title>\n<meta name=\"robots\" content=\"index, follow, max-snippet:-1, max-image-preview:large, max-video-preview:-1\" \/>\n<link rel=\"canonical\" href=\"https:\/\/www.wirnsperger.org\/?page_id=410\" \/>\n<meta property=\"og:locale\" content=\"de_DE\" \/>\n<meta property=\"og:type\" content=\"article\" \/>\n<meta property=\"og:title\" content=\"LAPL - Gesundheitspraxis\" \/>\n<meta property=\"og:description\" content=\"Es gibt in \u00d6sterreich LAPL (A) (Flugzeuge) LAPL (H) (Hubschrauber) LAPL (B) (Ballon) LAPL (S) (Segelflieger) Nationale Scheine sind ausgelaufen und es [&hellip;]\" \/>\n<meta property=\"og:url\" content=\"https:\/\/www.wirnsperger.org\/?page_id=410\" \/>\n<meta property=\"og:site_name\" content=\"Gesundheitspraxis\" \/>\n<meta property=\"article:modified_time\" content=\"2021-06-29T10:50:46+00:00\" \/>\n<meta name=\"twitter:card\" content=\"summary_large_image\" \/>\n<meta name=\"twitter:label1\" content=\"Gesch\u00e4tzte Lesezeit\" \/>\n\t<meta name=\"twitter:data1\" content=\"1\u00a0Minute\" \/>\n<script type=\"application\/ld+json\" class=\"yoast-schema-graph\">{\"@context\":\"https:\\\/\\\/schema.org\",\"@graph\":[{\"@type\":\"WebPage\",\"@id\":\"https:\\\/\\\/www.wirnsperger.org\\\/?page_id=410\",\"url\":\"https:\\\/\\\/www.wirnsperger.org\\\/?page_id=410\",\"name\":\"LAPL - Gesundheitspraxis\",\"isPartOf\":{\"@id\":\"https:\\\/\\\/www.wirnsperger.org\\\/#website\"},\"datePublished\":\"2016-10-11T09:20:24+00:00\",\"dateModified\":\"2021-06-29T10:50:46+00:00\",\"breadcrumb\":{\"@id\":\"https:\\\/\\\/www.wirnsperger.org\\\/?page_id=410#breadcrumb\"},\"inLanguage\":\"de\",\"potentialAction\":[{\"@type\":\"ReadAction\",\"target\":[\"https:\\\/\\\/www.wirnsperger.org\\\/?page_id=410\"]}]},{\"@type\":\"BreadcrumbList\",\"@id\":\"https:\\\/\\\/www.wirnsperger.org\\\/?page_id=410#breadcrumb\",\"itemListElement\":[{\"@type\":\"ListItem\",\"position\":1,\"name\":\"Startseite\",\"item\":\"https:\\\/\\\/www.wirnsperger.org\\\/\"},{\"@type\":\"ListItem\",\"position\":2,\"name\":\"Fliegerarzt\",\"item\":\"https:\\\/\\\/www.wirnsperger.org\\\/?page_id=11\"},{\"@type\":\"ListItem\",\"position\":3,\"name\":\"LAPL\"}]},{\"@type\":\"WebSite\",\"@id\":\"https:\\\/\\\/www.wirnsperger.org\\\/#website\",\"url\":\"https:\\\/\\\/www.wirnsperger.org\\\/\",\"name\":\"Gesundheitspraxis\",\"description\":\"Dr. Michael Wirnsperger\",\"potentialAction\":[{\"@type\":\"SearchAction\",\"target\":{\"@type\":\"EntryPoint\",\"urlTemplate\":\"https:\\\/\\\/www.wirnsperger.org\\\/?s={search_term_string}\"},\"query-input\":{\"@type\":\"PropertyValueSpecification\",\"valueRequired\":true,\"valueName\":\"search_term_string\"}}],\"inLanguage\":\"de\"}]}<\/script>\n<!-- \/ Yoast SEO plugin. -->","yoast_head_json":{"title":"LAPL - Gesundheitspraxis","robots":{"index":"index","follow":"follow","max-snippet":"max-snippet:-1","max-image-preview":"max-image-preview:large","max-video-preview":"max-video-preview:-1"},"canonical":"https:\/\/www.wirnsperger.org\/?page_id=410","og_locale":"de_DE","og_type":"article","og_title":"LAPL - Gesundheitspraxis","og_description":"Es gibt in \u00d6sterreich LAPL (A) (Flugzeuge) LAPL (H) (Hubschrauber) LAPL (B) (Ballon) LAPL (S) (Segelflieger) Nationale Scheine sind ausgelaufen und es [&hellip;]","og_url":"https:\/\/www.wirnsperger.org\/?page_id=410","og_site_name":"Gesundheitspraxis","article_modified_time":"2021-06-29T10:50:46+00:00","twitter_card":"summary_large_image","twitter_misc":{"Gesch\u00e4tzte Lesezeit":"1\u00a0Minute"},"schema":{"@context":"https:\/\/schema.org","@graph":[{"@type":"WebPage","@id":"https:\/\/www.wirnsperger.org\/?page_id=410","url":"https:\/\/www.wirnsperger.org\/?page_id=410","name":"LAPL - Gesundheitspraxis","isPartOf":{"@id":"https:\/\/www.wirnsperger.org\/#website"},"datePublished":"2016-10-11T09:20:24+00:00","dateModified":"2021-06-29T10:50:46+00:00","breadcrumb":{"@id":"https:\/\/www.wirnsperger.org\/?page_id=410#breadcrumb"},"inLanguage":"de","potentialAction":[{"@type":"ReadAction","target":["https:\/\/www.wirnsperger.org\/?page_id=410"]}]},{"@type":"BreadcrumbList","@id":"https:\/\/www.wirnsperger.org\/?page_id=410#breadcrumb","itemListElement":[{"@type":"ListItem","position":1,"name":"Startseite","item":"https:\/\/www.wirnsperger.org\/"},{"@type":"ListItem","position":2,"name":"Fliegerarzt","item":"https:\/\/www.wirnsperger.org\/?page_id=11"},{"@type":"ListItem","position":3,"name":"LAPL"}]},{"@type":"WebSite","@id":"https:\/\/www.wirnsperger.org\/#website","url":"https:\/\/www.wirnsperger.org\/","name":"Gesundheitspraxis","description":"Dr. Michael Wirnsperger","potentialAction":[{"@type":"SearchAction","target":{"@type":"EntryPoint","urlTemplate":"https:\/\/www.wirnsperger.org\/?s={search_term_string}"},"query-input":{"@type":"PropertyValueSpecification","valueRequired":true,"valueName":"search_term_string"}}],"inLanguage":"de"}]}},"_links":{"self":[{"href":"https:\/\/www.wirnsperger.org\/index.php?rest_route=\/wp\/v2\/pages\/410","targetHints":{"allow":["GET"]}}],"collection":[{"href":"https:\/\/www.wirnsperger.org\/index.php?rest_route=\/wp\/v2\/pages"}],"about":[{"href":"https:\/\/www.wirnsperger.org\/index.php?rest_route=\/wp\/v2\/types\/page"}],"author":[{"embeddable":true,"href":"https:\/\/www.wirnsperger.org\/index.php?rest_route=\/wp\/v2\/users\/7"}],"replies":[{"embeddable":true,"href":"https:\/\/www.wirnsperger.org\/index.php?rest_route=%2Fwp%2Fv2%2Fcomments&post=410"}],"version-history":[{"count":7,"href":"https:\/\/www.wirnsperger.org\/index.php?rest_route=\/wp\/v2\/pages\/410\/revisions"}],"predecessor-version":[{"id":933,"href":"https:\/\/www.wirnsperger.org\/index.php?rest_route=\/wp\/v2\/pages\/410\/revisions\/933"}],"up":[{"embeddable":true,"href":"https:\/\/www.wirnsperger.org\/index.php?rest_route=\/wp\/v2\/pages\/11"}],"wp:attachment":[{"href":"https:\/\/www.wirnsperger.org\/index.php?rest_route=%2Fwp%2Fv2%2Fmedia&parent=410"}],"curies":[{"name":"wp","href":"https:\/\/api.w.org\/{rel}","templated":true}]}}